 o = 1623 - 1122. Is o composite?
True
Let i = -15 + 13. Let u be (i - -5 - 0) + 524. Let y = u + 86. Is y composite?
False
Suppose -3*c + 12 = -15. Let t = -5 + c. Suppose -8 = -2*g + t*w, -w = -0*g - 4*g + 51. Is g a composite number?
True
Suppose 77*f = 98*f - 63147. Is f a prime number?
False
Suppose 0 = -3*x - x + 10172. Is x prime?
True
Suppose w - 2 = 3, -3*m - 6 = -3*w. Suppose 2*j - 2349 = -5*v, -m*v + 5*j - 479 = -4*v. Is v a prime number?
False
Let z be 2/(-7) + (-115)/(-35). Suppose -z + 0 = -s. Suppose 4*y - 3*i = -7*i + 1660, 4*y + s*i = 1658. Is y composite?
True
Is 728/(-637) + (-591474)/(-14) prime?
False
Let j(o) be the first derivative of -o**4/4 + 2*o**3 + o**2/2 - o - 6. Let b(v) = -2*v - 10. Let d be b(-7). Is j(d) prime?
False
Let y = 34 - 32. Suppose -3*z + y*z = -199. Is z a prime number?
True
Let u be 5/(-15) + 2/6. Suppose 0 = -2*y - 4*h + 22, 0 = y - u*y + h - 13. Suppose 0 = q + 4*q - y. Is q a prime number?
True
Is 10/2 + (87 - 15) composite?
True
Let i(f) = -f - 4. Let c be i(0). Let b be 1030/4 + (-6)/c. Suppose -5*d = 69 - b. Is d composite?
True
Let w(d) = 334*d**2 + 3*d. Let i be w(-2). Let r = i - -1604. Is (-2)/5 - r/(-10) prime?
True
Suppose 477*b = 464*b + 127153. Is b a prime number?
True
Let y be ((-42)/63)/(1/(-9)). Let f(m) = 7*m**2 - 7*m + 5. Is f(y) prime?
False
Let z be (-2)/((-326)/(-109) - 3). Suppose 172 = 4*p + 3*x - 7*x, 5*p - 2*x - z = 0. Is p - 7/((-28)/8) a composite number?
True
Let j = 36 - 31. Suppose j = 2*r + 1. Suppose 0*p + w = p - 126, -3*p - r*w = -383. Is p composite?
False
Is (-15)/10 + 37467/6 a prime number?
False
Let v = 2021 + -1268. Is v composite?
True
Is 6 - (-43998)/15 - (-3)/(-15) prime?
True
Let y(k) = 11*k**3 + k**2 - 13*k - 1. Let q(g) = -g**3 + g**2 - g + 6. Let l be q(0). Is y(l) prime?
True
Let v = 979 + -408. Suppose -v = -2*q - 53. Is q a prime number?
False
Let d = -150 + 288. Suppose 0 = 15*h - 17*h + d. Is h a prime number?
False
Let g = 32931 - -8956. Is g a prime number?
True
Let j(p) = -23*p**3 - 6*p**2 - 2*p + 13. Is j(-4) prime?
False
Is ((-67)/3)/(6/(-522)) a prime number?
False
Let f = -48 + 49. Is 73888/56 + ((-8)/(-14) - f) a composite number?
False
Suppose -7*x = -17*x + 50. Suppose x*r = 8968 + 7337. Is r composite?
True
Suppose -3*h + 2 = -4. Suppose -b = 4*y - 1044, -h*b - 3*b = -3*y + 806. Is y composite?
True
Suppose -5*f - 6 = -16. Suppose f*x + 1559 = 3*o, 0 = -2*o - 2*x + 1184 - 148. Is o composite?
True
Let c be 4*2*(-20)/32. Let m(k) = -102*k - 23. Is m(c) prime?
True
Suppose -4*b = 2*r + r, 2*r - 20 = 4*b. Suppose 3 = r*f + 11. Is (-22)/f*23 - -1 prime?
False
Suppose -2*u + 13 + 8 = r, 0 = r - 1. Suppose u*t - 8*t = 2722. Is t a prime number?
True
Let h be -2 + 3 + -5 + 7. Suppose -5*q + 4*f = -2*q - 12, -4*f = h*q - 12. Suppose 92 = q*i - 60. Is i prime?
False
Suppose -3*t + 12 = 3*i, -t + 12 = 4*i + t. Let c(z) = 56*z**3 + z**2 + 2*z - 2. Is c(i) composite?
True
Suppose 0 = b - 0*b + 9502. Is -1 + b/(-10) + 50/(-250) composite?
True
Is (3 - 16921)*((-4)/(-8))/(-1) a composite number?
True
Let d(j) = -2*j + 30*j - 5*j - 1. Let t be d(2). Is 10/(-4)*(-5238)/t composite?
True
Suppose 5*o - 10499 = 68966. Is o a composite number?
True
Suppose -5*m = 5*y - 20644 - 20021, -3*m + 8125 = y. Is y prime?
False
Suppose -728 = 9*w - 11*w. Suppose -w + 1479 = 5*d. Is d a prime number?
True
Suppose a + 4*c + 11 = 0, -9 = -3*c - 21. Let q(b) be the third derivative of 11*b**4/3 - b**3/2 + 100*b**2 - b. Is q(a) composite?
True
Let p(j) be the first derivative of -j**4/2 - j**3/3 - 4*j**2 + 5*j + 9. Is p(-6) a prime number?
True
Suppose -3*a - p = 61, 0*a + 7 = -a - 3*p. Let f = a - -18. Is 2 + ((-1548)/f - 0) a composite number?
False
Let p = 21 + -21. Let i(l) = 2*l + 1621. Is i(p) a composite number?
False
Let y be -8 + (-24)/(-10) + (-4)/10. Is (y/(-2))/(24/67688) prime?
True
Let o(p) = -3848*p - 7. Is o(-1) a prime number?
False
Let k(y) = -17*y - 4. Let v(a) be the third derivative of -11*a**4/8 - 4*a**3/3 - 9*a**2. Let l(c) = 5*k(c) - 2*v(c). Is l(-3) composite?
False
Suppose -1383 = 5*y + 522. Let n = -34 - y. Suppose 5*t - 308 = n. Is t a composite number?
False
Let z(p) = -2*p + 5. Let h be z(4). Let o(m) = 58*m**2 - 6*m + 1. Is o(h) prime?
True
Let h = -1217 - -2250. Let w = h + -398. Is w a prime number?
False
Suppose 5*d = -2*h - 1, 4*h - 4*d + 19 = -h. Let p be 12*(h - (-21)/6). Is (p/4)/((-3)/(-246)) a prime number?
False
Suppose 1954 = -5*j + 7*j. Is j composite?
False
Let y(f) = -10*f - 11 + f**2 + 0*f**2 + 18*f. Is y(-12) a composite number?
False
Is (-4)/(-5*20/2226025) prime?
True
Let z(a) = -a - 4 + 4*a**2 - 8 + 10*a**2 - 3 + 4. Suppose -4*d + 11 = -4*j - 29, -5*d + 44 = -4*j. Is z(j) a prime number?
True
Let w(r) be the first derivative of -r**7/840 + 19*r**6/360 - 23*r**5/120 + r**4/2 + r**3 - 2. Let g(h) be the third derivative of w(h). Is g(17) composite?
False
Let t(f) = f + 12. Let g be t(-9). Suppose g*a - 2382 = 4089. Is a prime?
False
Let h = 33 - -134. Let d = h - -27. Let z = d - 91. Is z composite?
False
Suppose 0 = -y + 19405 + 1588. Is y prime?
False
Let b be (42/(-35))/((-4)/(-10)). Is (-526)/(1 + b) + 0 prime?
True
Suppose 3*v + 5*s - 1 = 0, 5*v - 7 - 4 = s. Suppose -35 = -v*w - 3*w. Suppose 3*u - w*u = 5*h - 925, 2*u = -h + 185. Is h prime?
False
Let r(a) = -a + 9. Let v be r(-11). Is 0*(-5)/v + 109 a prime number?
True
Let l(t) = t**3 + 3*t**2 - 2*t. Let i be l(-3). Let s(p) = 148*p - 3. Let g be s(i). Suppose g = 4*b - b. Is b prime?
False
Suppose -2*g - 271 = -67. Let j(o) = -38*o**2 - 2*o + 1. Let t be j(2). Let b = g - t. Is b composite?
False
Let k(z) = -z - 7. Let q be k(-6). Let b(x) = -x**2 - x. Let a be b(q). Is (1 + 27 - 2) + a a composite number?
True
Let m = 18 + -18. Let o be (-26)/(m - (-2)/(-1)). Suppose 0 = 2*h - 5*r - o, h + 82 = 4*h + 5*r. Is h a composite number?
False
Let t(l) = 80*l**2 + l + 1. Let g be ((-6)/(-6))/(1/(-2)). Is t(g) a prime number?
False
Suppose -3*w = 4*m - 1178, -2*m + 5*m + 3 = 0. Is w a prime number?
False
Let c be (722/(-95))/((-1)/720). Suppose -c - 2217 = -3*a. Is a composite?
True
Suppose 4*b - b = 669. Suppose 110 = 3*y - b. Let w = -8 + y. Is w a composite number?
False
Suppose 0 = -f + 26346 - 7711. Is f composite?
True
Let z(p) = -p**3 + 51*p**2 + 34*p - 211. Is z(50) prime?
True
Let g(t) = 8*t**2 - 87*t + 115. Is g(52) a prime number?
False
Let o(t) be the third derivative of 0*t**4 - 1/60*t**5 + 77/6*t**3 - 7*t**2 + 0*t + 0. Is o(0) prime?
False
Let t(o) = 365*o - 19. Let m be t(11). Suppose -1870 - m = -2*a. Is a a composite number?
True
Let c be -3 + (-30)/25*-5. Suppose c*o + 330 = 8*o. Let s = -20 + o. Is s composite?
True
Let t be 2 - 0*3/6. Let j(i) = -11*i - 4. Let k be j(t). Let s = k + 37. Is s composite?
False
Suppose -3095 = 4*n + 5*v, 4*n - 2*v + 2304 = -826. Is n/(-2) + 0/7 + 1 a prime number?
False
Let b = 3053 - 1654. Is b composite?
False
Suppose 77*k - 71*k - 13998 = 0. Is k a composite number?
False
Let t = -11 + 15. Suppose 2*o + 4*s = 16, -5*o + s - t = -3*o. Is (o - 1)/((-1)/37) prime?
True
Is (-15817)/(8/(-6) - 8/(-24)) a prime number?
True
Suppose 6*s - s = 10. Suppose -2*w + 1307 = -4*q + 3*q, -s*w + 2*q = -1306. Is (w/9)/(2/3) composite?
False
Suppose -10190 - 9660 = -5*v. Let d = -1515 + v. Is d a composite number?
True
Suppose -2*h = 5*p - 14 - 8, 5*h = 4*p - 11. Is (-408)/(-4)*-2*(-1)/p a composite number?
True
Let r be 8/6*(-7782)/4. Let g = r - -3759. Is g composite?
True
Is 1/(-2)*(-14520 + (-10)/5) a prime number?
False
Suppose -4*d - 4*c - c = -10062, -d + 2526 = -4*c. Is d prime?
False
Let z(i) = -i**2 + 7*i - 12. Let r be z(5). Is (2308 - -3) + (r - 2) prime?
False
Let o(z) = z**2 - 7*z + 5. Let h be o(7). Suppose h*v + 3*k = 592, -5*v + 591 = 4*k - 0*k. Is v a prime number?
False
Suppose g - h = 82485, -12*g + 13*g = 4*h + 82491. Is g prime?
True
Let v = 18101 - 10332. Is v prime?
False
Let s(w) = w**3 + 5*w**2 + 4*w + 4. Let t be s(-3). Suppose 5*q + v + 1 = -1, -5*v - t = 2*q. Suppose -2*f + 55 + 127 = q. Is f composite?
True
Let t(r) = -4*r + 17 + 19*r + 23*r - r**2 - 3. Is t(17) prime?
False
Suppose -6*w + w + o + 9392 = 0, -3761 = -2*w - o. Is w prime?
True
Let f be (-1)/1 - (-8 - -4). Suppose -20*i + 35887 = -f*i. Is i